{"id":1543,"date":"2023-04-07T00:34:38","date_gmt":"2023-04-06T22:34:38","guid":{"rendered":"https:\/\/www.andrearellini.it\/?page_id=1543"},"modified":"2023-04-07T00:34:39","modified_gmt":"2023-04-06T22:34:39","slug":"contemporaneaprece","status":"publish","type":"page","link":"https:\/\/www.andrearellini.it\/?page_id=1543","title":{"rendered":"CONTEMPORANEAPR\u00c8CE"},"content":{"rendered":"\n<p>dance performance \u2013 FREEFALL Dance Company \u2013 2022<\/p>\n\n\n\n<figure class=\"wp-block-image size-large\"><a href=\"https:\/\/www.andrearellini.it\/wp-content\/uploads\/2023\/04\/290320114_5410385079018524_4809675615615022300_n.jpeg\"><img loading=\"lazy\" width=\"1024\" height=\"683\" src=\"https:\/\/www.andrearellini.it\/wp-content\/uploads\/2023\/04\/290320114_5410385079018524_4809675615615022300_n-1024x683.jpeg\" alt=\"\" class=\"wp-image-1544\" srcset=\"https:\/\/www.andrearellini.it\/wp-content\/uploads\/2023\/04\/290320114_5410385079018524_4809675615615022300_n-1024x683.jpeg 1024w, https:\/\/www.andrearellini.it\/wp-content\/uploads\/2023\/04\/290320114_5410385079018524_4809675615615022300_n-300x200.jpeg 300w, https:\/\/www.andrearellini.it\/wp-content\/uploads\/2023\/04\/290320114_5410385079018524_4809675615615022300_n-768x512.jpeg 768w, https:\/\/www.andrearellini.it\/wp-content\/uploads\/2023\/04\/290320114_5410385079018524_4809675615615022300_n-1536x1024.jpeg 1536w, https:\/\/www.andrearellini.it\/wp-content\/uploads\/2023\/04\/290320114_5410385079018524_4809675615615022300_n-360x240.jpeg 360w, https:\/\/www.andrearellini.it\/wp-content\/uploads\/2023\/04\/290320114_5410385079018524_4809675615615022300_n.jpeg 2048w\" sizes=\"(max-width: 1024px) 100vw, 1024px\" \/><\/a><\/figure>\n\n\n\n<p><\/p>\n\n\n\n<p>SINOSSI: <\/p>\n\n\n\n<p>Cont<strong>emporaneaPr\u00e8ce<\/strong> &#8211; Dance performance &#8211; Lo spettacolo ha come tema la preghiera nell\u2019epoca contemporanea, intesa come strumento di conoscenza e di introspezione individuale nell\u2019epoca in cui viviamo. La ricerca spirituale diventa quindi un mezzo con cui affrontare la quotidianit\u00e0 in assenza di punti di riferimento stabili che costituiscano un orientamento per la nostra condizione umana. ContemporaneaPr\u00e8ce sar\u00e0 replicata in numerosi luoghi d\u2019arte e musei della regione in virt\u00f9 del progetto finanziato dal Bando per il sostegno di progetti nel settore dello spettacolo dal vivo\u201d POR FESR 2014-2020 Asse3- Azione 3.2.1. Lo spettacolo che andr\u00e0 in scena a \u00e8 curato da Sara Marinelli coadiuvata dal regista e attore M* Claudio Massimo Patern\u00f2 e dal il M* violoncellista Andrea Rellini. I danzatori professionisti, sono Michele Umberto Fuso e Marina Santucci, gi\u00e0 protagonisti di altre produzioni della Compagnia riscuotendo un consenso per l\u2019alto livello di partecipazione emotiva ai temi toccati dagli spettacoli messi in scena. Particolare interessante sar\u00e0 la presenza in scena di Claudia Guarino, traduttrice LIS, che fornir\u00e0 la versione dello spettacolo per i non udenti.\u00a0<\/p>\n\n\n\n<p><a href=\"https:\/\/youtube.com\/shorts\/v5pBv-30vxI?feature=share\">https:\/\/youtube.com\/shorts\/v5pBv-30vxI?feature=share<\/a><\/p>\n\n\n\n<p>VIDEO DELLE REPLICHE:<\/p>\n\n\n\n<p><br><a href=\"https:\/\/fb.watch\/jL0sT9bzcW\/\">https:\/\/fb.watch\/jL0sT9bzcW\/<\/a><\/p>\n\n\n\n<p><a href=\" https:\/\/fb.watch\/jL0uOrwnsz\/\"> https:\/\/fb.watch\/jL0uOrwnsz\/<\/a><\/p>\n\n\n\n<p><\/p>\n\n\n\n<figure class=\"wp-block-gallery columns-3 is-cropped\"><ul class=\"blocks-gallery-grid\"><li class=\"blocks-gallery-item\"><figure><a href=\"https:\/\/www.andrearellini.it\/wp-content\/uploads\/2023\/04\/308725677_10225348331767183_1286754594141496253_n-1024x683.jpeg\"><img loading=\"lazy\" width=\"1024\" height=\"683\" src=\"https:\/\/www.andrearellini.it\/wp-content\/uploads\/2023\/04\/308725677_10225348331767183_1286754594141496253_n-1024x683.jpeg\" alt=\"\" data-id=\"1545\" data-link=\"https:\/\/www.andrearellini.it\/?attachment_id=1545\" class=\"wp-image-1545\" srcset=\"https:\/\/www.andrearellini.it\/wp-content\/uploads\/2023\/04\/308725677_10225348331767183_1286754594141496253_n-1024x683.jpeg 1024w, https:\/\/www.andrearellini.it\/wp-content\/uploads\/2023\/04\/308725677_10225348331767183_1286754594141496253_n-300x200.jpeg 300w, https:\/\/www.andrearellini.it\/wp-content\/uploads\/2023\/04\/308725677_10225348331767183_1286754594141496253_n-768x512.jpeg 768w, https:\/\/www.andrearellini.it\/wp-content\/uploads\/2023\/04\/308725677_10225348331767183_1286754594141496253_n-1536x1024.jpeg 1536w, https:\/\/www.andrearellini.it\/wp-content\/uploads\/2023\/04\/308725677_10225348331767183_1286754594141496253_n-360x240.jpeg 360w, https:\/\/www.andrearellini.it\/wp-content\/uploads\/2023\/04\/308725677_10225348331767183_1286754594141496253_n.jpeg 2048w\" sizes=\"(max-width: 1024px) 100vw, 1024px\" \/><\/a><\/figure><\/li><li class=\"blocks-gallery-item\"><figure><a href=\"https:\/\/www.andrearellini.it\/wp-content\/uploads\/2023\/04\/314566207_575378451259492_6603197987330475868_n-1024x732.jpeg\"><img loading=\"lazy\" width=\"1024\" height=\"732\" src=\"https:\/\/www.andrearellini.it\/wp-content\/uploads\/2023\/04\/314566207_575378451259492_6603197987330475868_n-1024x732.jpeg\" alt=\"\" data-id=\"1546\" data-link=\"https:\/\/www.andrearellini.it\/?attachment_id=1546\" class=\"wp-image-1546\" srcset=\"https:\/\/www.andrearellini.it\/wp-content\/uploads\/2023\/04\/314566207_575378451259492_6603197987330475868_n-1024x732.jpeg 1024w, https:\/\/www.andrearellini.it\/wp-content\/uploads\/2023\/04\/314566207_575378451259492_6603197987330475868_n-300x214.jpeg 300w, https:\/\/www.andrearellini.it\/wp-content\/uploads\/2023\/04\/314566207_575378451259492_6603197987330475868_n-768x549.jpeg 768w, https:\/\/www.andrearellini.it\/wp-content\/uploads\/2023\/04\/314566207_575378451259492_6603197987330475868_n-1536x1098.jpeg 1536w, https:\/\/www.andrearellini.it\/wp-content\/uploads\/2023\/04\/314566207_575378451259492_6603197987330475868_n.jpeg 2048w\" sizes=\"(max-width: 1024px) 100vw, 1024px\" \/><\/a><\/figure><\/li><li class=\"blocks-gallery-item\"><figure><a href=\"https:\/\/www.andrearellini.it\/wp-content\/uploads\/2023\/04\/290632934_5410384609018571_4160787309001006266_n.jpeg\"><img loading=\"lazy\" width=\"960\" height=\"640\" src=\"https:\/\/www.andrearellini.it\/wp-content\/uploads\/2023\/04\/290632934_5410384609018571_4160787309001006266_n.jpeg\" alt=\"\" data-id=\"1547\" data-full-url=\"https:\/\/www.andrearellini.it\/wp-content\/uploads\/2023\/04\/290632934_5410384609018571_4160787309001006266_n.jpeg\" data-link=\"https:\/\/www.andrearellini.it\/?attachment_id=1547\" class=\"wp-image-1547\" srcset=\"https:\/\/www.andrearellini.it\/wp-content\/uploads\/2023\/04\/290632934_5410384609018571_4160787309001006266_n.jpeg 960w, https:\/\/www.andrearellini.it\/wp-content\/uploads\/2023\/04\/290632934_5410384609018571_4160787309001006266_n-300x200.jpeg 300w, https:\/\/www.andrearellini.it\/wp-content\/uploads\/2023\/04\/290632934_5410384609018571_4160787309001006266_n-768x512.jpeg 768w, https:\/\/www.andrearellini.it\/wp-content\/uploads\/2023\/04\/290632934_5410384609018571_4160787309001006266_n-360x240.jpeg 360w\" sizes=\"(max-width: 960px) 100vw, 960px\" \/><\/a><\/figure><\/li><li class=\"blocks-gallery-item\"><figure><a href=\"https:\/\/www.andrearellini.it\/wp-content\/uploads\/2023\/04\/313897990_575378331259504_523996140691669282_n.jpeg\"><img loading=\"lazy\" width=\"960\" height=\"848\" src=\"https:\/\/www.andrearellini.it\/wp-content\/uploads\/2023\/04\/313897990_575378331259504_523996140691669282_n.jpeg\" alt=\"\" data-id=\"1548\" data-full-url=\"https:\/\/www.andrearellini.it\/wp-content\/uploads\/2023\/04\/313897990_575378331259504_523996140691669282_n.jpeg\" data-link=\"https:\/\/www.andrearellini.it\/?attachment_id=1548\" class=\"wp-image-1548\" srcset=\"https:\/\/www.andrearellini.it\/wp-content\/uploads\/2023\/04\/313897990_575378331259504_523996140691669282_n.jpeg 960w, https:\/\/www.andrearellini.it\/wp-content\/uploads\/2023\/04\/313897990_575378331259504_523996140691669282_n-300x265.jpeg 300w, https:\/\/www.andrearellini.it\/wp-content\/uploads\/2023\/04\/313897990_575378331259504_523996140691669282_n-768x678.jpeg 768w\" sizes=\"(max-width: 960px) 100vw, 960px\" \/><\/a><\/figure><\/li><\/ul><\/figure>\n\n\n\n<p><\/p>\n","protected":false},"excerpt":{"rendered":"<p>dance performance \u2013 FREEFALL Dance Company \u2013 2022 SINOSSI: ContemporaneaPr\u00e8ce &#8211; Dance performance &#8211; Lo spettacolo ha come tema la preghiera nell\u2019epoca contemporanea, intesa come strumento di conoscenza e di introspezione individuale nell\u2019epoca in cui viviamo. La ricerca spirituale diventa quindi un mezzo con cui affrontare la quotidianit\u00e0 in assenza [&hellip;]<\/p>\n","protected":false},"author":1,"featured_media":0,"parent":0,"menu_order":0,"comment_status":"closed","ping_status":"closed","template":"","meta":[],"_links":{"self":[{"href":"https:\/\/www.andrearellini.it\/index.php?rest_route=\/wp\/v2\/pages\/1543"}],"collection":[{"href":"https:\/\/www.andrearellini.it\/index.php?rest_route=\/wp\/v2\/pages"}],"about":[{"href":"https:\/\/www.andrearellini.it\/index.php?rest_route=\/wp\/v2\/types\/page"}],"author":[{"embeddable":true,"href":"https:\/\/www.andrearellini.it\/index.php?rest_route=\/wp\/v2\/users\/1"}],"replies":[{"embeddable":true,"href":"https:\/\/www.andrearellini.it\/index.php?rest_route=%2Fwp%2Fv2%2Fcomments&post=1543"}],"version-history":[{"count":1,"href":"https:\/\/www.andrearellini.it\/index.php?rest_route=\/wp\/v2\/pages\/1543\/revisions"}],"predecessor-version":[{"id":1550,"href":"https:\/\/www.andrearellini.it\/index.php?rest_route=\/wp\/v2\/pages\/1543\/revisions\/1550"}],"wp:attachment":[{"href":"https:\/\/www.andrearellini.it\/index.php?rest_route=%2Fwp%2Fv2%2Fmedia&parent=1543"}],"curies":[{"name":"wp","href":"https:\/\/api.w.org\/{rel}","templated":true}]}}